{"id":12,"date":"2013-11-22T12:09:34","date_gmt":"2013-11-22T12:09:34","guid":{"rendered":"http:\/\/sodrastation.josefsahlin.se\/?page_id=12"},"modified":"2021-05-10T19:07:45","modified_gmt":"2021-05-10T19:07:45","slug":"medlemskap","status":"publish","type":"page","link":"https:\/\/sodrastation.org\/?page_id=12","title":{"rendered":"Medlemskap"},"content":{"rendered":"<h6><b>MEDLEMSKAP I KOLLEKTIVHUSF\u00d6RENINGEN\u00a0<\/b><\/h6>\n<p><span style=\"font-weight: 400;\">Boende i BRF M\u00e5ttbandet kan ans\u00f6ka om medlemskap i kollektivhusf\u00f6reningen.\u00a0<\/span><\/p>\n<p><span style=\"font-weight: 400;\">Som medlem:\u00a0<\/span><\/p>\n<ul>\n<li style=\"font-weight: 400;\" aria-level=\"1\"><span style=\"font-weight: 400;\">Betalar du en \u00e5rlig avgift, f\u00f6r n\u00e4rvarande 250 kronor.\u00a0<\/span><\/li>\n<li style=\"font-weight: 400;\" aria-level=\"1\"><span style=\"font-weight: 400;\">Deltar du i tv\u00e5 st\u00e4ddagar om \u00e5ret.<\/span><\/li>\n<li style=\"font-weight: 400;\" aria-level=\"1\"><span style=\"font-weight: 400;\">F\u00e5r du din nyckelbricka programmerad s\u00e5 att du har tillg\u00e5ng till de gemensamma lokalerna i kollektivhuset.<\/span><\/li>\n<li style=\"font-weight: 400;\" aria-level=\"1\"><span style=\"font-weight: 400;\">Kan du hyra g\u00e4strummet, kaf\u00e9et, matsalen och k\u00f6ket.\u00a0<\/span><\/li>\n<li style=\"font-weight: 400;\" aria-level=\"1\"><span style=\"font-weight: 400;\">Kan du vara med i ett matlag och \u00e4ta i matsalen.\u00a0<\/span><\/li>\n<li style=\"font-weight: 400;\" aria-level=\"1\"><span style=\"font-weight: 400;\">\u00c4r du v\u00e4lkommen att delta i kurser, m\u00f6ten och annan f\u00f6reningsverksamhet.<\/span><\/li>\n<li style=\"font-weight: 400;\" aria-level=\"1\"><span style=\"font-weight: 400;\">Kan du vara med i f\u00f6reningens Facebook-grupp. <\/span><\/li>\n<\/ul>\n<h6><b>S\u00c5 H\u00c4R BLIR DU MEDLEM I KOLLEKTIVHUSF\u00d6RENINGEN\u00a0<\/b><\/h6>\n<p><span style=\"font-weight: 400;\">Du kontaktar styrelsen i KHF. Till exempel via <\/span><a href=\"mailto:kollektivhusetsodrastation@gmail.com\"><span style=\"font-weight: 400;\">kollektivhusetsodrastation@gmail.com<\/span><\/a><span style=\"font-weight: 400;\">\u00a0\u00a0<\/span><\/p>\n<ol>\n<li style=\"font-weight: 400;\" aria-level=\"1\"><span style=\"font-weight: 400;\">Du blir rundvisad i lokalerna och informerad om verksamheten.\u00a0<\/span><\/li>\n<li style=\"font-weight: 400;\" aria-level=\"1\"><span style=\"font-weight: 400;\">Du betalar medlemsavgiften.\u00a0<\/span><\/li>\n<li style=\"font-weight: 400;\" aria-level=\"1\"><span style=\"font-weight: 400;\">Du f\u00e5r ytterligare information och instruktioner om hur allt fungerar. Genomg\u00e5ng av diskmaskin och \u00f6vrig k\u00f6ksutrustning, nycklar, st\u00e4dmaterial, bokningslistor, st\u00e4ddagar och annat som en medlem m\u00e5ste k\u00e4nna till.\u00a0<\/span><\/li>\n<li style=\"font-weight: 400;\" aria-level=\"1\"><span style=\"font-weight: 400;\">Du f\u00e5r din nyckelbricka programmerad s\u00e5 att du kommer in i de gemensamma lokalerna i kollektivhuset.\u00a0<\/span><\/li>\n<li style=\"font-weight: 400;\" aria-level=\"1\"><span style=\"font-weight: 400;\">Du kan bli medlem i Facebook-gruppen.\u00a0<\/span><\/li>\n<\/ol>\n<h6><b>S\u00c5 H\u00c4R BLIR DU MEDLEM I MATLAG\u00a0<\/b><\/h6>\n<p><span style=\"font-weight: 400;\">Du kontaktar styrelsen i KHF. Till exempel via <\/span><a href=\"mailto:kollektivhusetsodrastation@gmail.com\"><span style=\"font-weight: 400;\">kollektivhusetsodrastation@gmail.com<\/span><\/a><span style=\"font-weight: 400;\">\u00a0\u00a0<\/span><\/p>\n<p><b>N\u00e4r du \u00e4r medlem i KHF kan du bli medlem i matlag.<\/b><\/p>\n<ol>\n<li style=\"font-weight: 400;\" aria-level=\"1\"><span style=\"font-weight: 400;\">Du blir bjuden p\u00e5 en middag i matsalen och informerad om vad det inneb\u00e4r att vara medlem i ett matlag av n\u00e5gon i styrelsen, eller av styrelsen utsedd person.\u00a0<\/span><\/li>\n<li style=\"font-weight: 400;\" aria-level=\"1\"><span style=\"font-weight: 400;\">Styrelsen, eller av styrelsen utsedd person, best\u00e4mmer i vilket\/vilka matlag du ska g\u00f6ra dina tv\u00e5 pass. Du kan komma med \u00f6nskem\u00e5l.\u00a0<\/span><\/li>\n<li style=\"font-weight: 400;\" aria-level=\"1\"><span style=\"font-weight: 400;\">Du blir kontaktad av matlagsansvarig f\u00f6r ett av de fyra matlagen och f\u00e5r en introduktion. Vanligen f\u00e5r du f\u00f6rsta veckan g\u00e5 dubbelt p\u00e5 dina tv\u00e5 pass f\u00f6r att sen g\u00f6ra egna pass.\u00a0<\/span><\/li>\n<\/ol>\n<p><span style=\"font-weight: 400;\">Styrelsen kan \u00e4ven v\u00e4lkomna externa medlemmar i matlagsverksamheten. Dessa externa medlemmar i matlag har yttrander\u00e4tt men inte r\u00f6str\u00e4tt p\u00e5 f\u00f6reningsm\u00f6ten och har inte egen tillg\u00e5ng till gemensamhetslokalerna.<\/span><\/p>\n<p><span style=\"font-weight: 400;\">D\u00e5 deltar du i matlag, st\u00e4ddagarna och kan vara med i f\u00f6reningens Facebook-grupp.\u00a0<\/span><\/p>\n<h6><b>AVSLUTANDE AV MEDLEMSKAP I KOLLEKTIVHUSF\u00d6RENINGEN\u00a0<\/b><\/h6>\n<p><span style=\"font-weight: 400;\">Ditt medlemskap avslutas om du inte:\u00a0<\/span><\/p>\n<ul>\n<li style=\"font-weight: 400;\" aria-level=\"1\"><span style=\"font-weight: 400;\">Betalar den \u00e5rliga medlemsavgiften f\u00f6re mars m\u00e5nads utg\u00e5ng.\u00a0<\/span><\/li>\n<li style=\"font-weight: 400;\" aria-level=\"1\"><span style=\"font-weight: 400;\">Deltar i tv\u00e5 st\u00e4ddagar om \u00e5ret. Om du inte kan delta p\u00e5 en st\u00e4ddag meddelar du styrelsen detta. Styrelsen avg\u00f6r d\u00e5 om du ska g\u00f6ra ett st\u00e4dpass (ungef\u00e4r 2,5 timme) vid ett annat tillf\u00e4lle som passar dig.<\/span><\/li>\n<\/ul>\n<div>\n<\/div>\n","protected":false},"excerpt":{"rendered":"<p>MEDLEMSKAP I KOLLEKTIVHUSF\u00d6RENINGEN\u00a0 Boende i BRF M\u00e5ttbandet kan ans\u00f6ka om medlemskap i kollektivhusf\u00f6reningen.\u00a0 Som medlem:\u00a0 Betalar du en \u00e5rlig avgift, f\u00f6r n\u00e4rvarande 250 kronor.\u00a0 Deltar du i tv\u00e5 st\u00e4ddagar om \u00e5ret. F\u00e5r du din nyckelbricka programmerad s\u00e5 att du har tillg\u00e5ng till de gemensamma lokalerna i kollektivhuset. Kan du hyra g\u00e4strummet, kaf\u00e9et, matsalen och k\u00f6ket.\u00a0 &hellip; <\/p>\n<p class=\"link-more\"><a href=\"https:\/\/sodrastation.org\/?page_id=12\" class=\"more-link\">Forts\u00e4tt l\u00e4sa<span class=\"screen-reader-text\"> \u201dMedlemskap\u201d<\/span><\/a><\/p>\n","protected":false},"author":1,"featured_media":0,"parent":0,"menu_order":0,"comment_status":"closed","ping_status":"closed","template":"","meta":{"footnotes":""},"class_list":["post-12","page","type-page","status-publish","hentry"],"jetpack_shortlink":"https:\/\/wp.me\/P4aZOx-c","jetpack_sharing_enabled":true,"_links":{"self":[{"href":"https:\/\/sodrastation.org\/index.php?rest_route=\/wp\/v2\/pages\/12","targetHints":{"allow":["GET"]}}],"collection":[{"href":"https:\/\/sodrastation.org\/index.php?rest_route=\/wp\/v2\/pages"}],"about":[{"href":"https:\/\/sodrastation.org\/index.php?rest_route=\/wp\/v2\/types\/page"}],"author":[{"embeddable":true,"href":"https:\/\/sodrastation.org\/index.php?rest_route=\/wp\/v2\/users\/1"}],"replies":[{"embeddable":true,"href":"https:\/\/sodrastation.org\/index.php?rest_route=%2Fwp%2Fv2%2Fcomments&post=12"}],"version-history":[{"count":10,"href":"https:\/\/sodrastation.org\/index.php?rest_route=\/wp\/v2\/pages\/12\/revisions"}],"predecessor-version":[{"id":865,"href":"https:\/\/sodrastation.org\/index.php?rest_route=\/wp\/v2\/pages\/12\/revisions\/865"}],"wp:attachment":[{"href":"https:\/\/sodrastation.org\/index.php?rest_route=%2Fwp%2Fv2%2Fmedia&parent=12"}],"curies":[{"name":"wp","href":"https:\/\/api.w.org\/{rel}","templated":true}]}}