{"id":470,"date":"2018-05-19T22:46:42","date_gmt":"2018-05-19T22:46:42","guid":{"rendered":"http:\/\/sodrastation.org\/?page_id=470"},"modified":"2023-01-07T17:33:30","modified_gmt":"2023-01-07T17:33:30","slug":"kurser-verksamheter-och-aktiviteter","status":"publish","type":"page","link":"https:\/\/sodrastation.org\/?page_id=470","title":{"rendered":"\u00d6vrig verksamhet och kurser"},"content":{"rendered":"<div class=\"page\" title=\"Page 14\">\n<div class=\"section\">\n<div class=\"layoutArea\">\n<div class=\"column\">\n<p><span style=\"font-weight: 400;\">Medlemmarna i kollektivhusf\u00f6reningen ordnar under \u00e5ret en rad olika aktiviteter fr\u00e5n fredagsmiddagar och barnkalas till m\u00e5largrupper, s\u00e5ngk\u00f6r, ny\u00e5rsfester och luciat\u00e5g. F\u00f6reningen tills\u00e4tter vid behov olika arbetsgrupper och festkommitt\u00e9er d\u00e4r alla \u00e4r v\u00e4lkomna att delta.\u00a0<\/span><\/p>\n<p><span style=\"font-weight: 400;\">Kollektivhusf\u00f6reningen anordnar olika kurser f\u00f6r medlemmarna och deras barn. N\u00e5gra exempel p\u00e5 kurser genom \u00e5ren \u00e4r barndans och hiphop och k\u00f6rs\u00e5ng f\u00f6r vuxna. Alla medlemmar \u00e4r v\u00e4lkomna att starta och delta i f\u00f6reningens kurser. Kostnaden f\u00f6r kursen betalas av deltagarna.\u00a0<\/span><\/p>\n<p><span style=\"font-weight: 400;\">Kollektivhusf\u00f6reningens styrelse ska informeras i f\u00f6rv\u00e4g om kurserna och andra aktiviteter med extern medverkan f\u00f6r godk\u00e4nnande. <\/span><\/p>\n<\/div>\n<\/div>\n<\/div>\n<\/div>\n","protected":false},"excerpt":{"rendered":"<p>Medlemmarna i kollektivhusf\u00f6reningen ordnar under \u00e5ret en rad olika aktiviteter fr\u00e5n fredagsmiddagar och barnkalas till m\u00e5largrupper, s\u00e5ngk\u00f6r, ny\u00e5rsfester och luciat\u00e5g. F\u00f6reningen tills\u00e4tter vid behov olika arbetsgrupper och festkommitt\u00e9er d\u00e4r alla \u00e4r v\u00e4lkomna att delta.\u00a0 Kollektivhusf\u00f6reningen anordnar olika kurser f\u00f6r medlemmarna och deras barn. N\u00e5gra exempel p\u00e5 kurser genom \u00e5ren \u00e4r barndans och hiphop och k\u00f6rs\u00e5ng &hellip; <\/p>\n<p class=\"link-more\"><a href=\"https:\/\/sodrastation.org\/?page_id=470\" class=\"more-link\">Forts\u00e4tt l\u00e4sa<span class=\"screen-reader-text\"> \u201d\u00d6vrig verksamhet och kurser\u201d<\/span><\/a><\/p>\n","protected":false},"author":1,"featured_media":0,"parent":0,"menu_order":0,"comment_status":"closed","ping_status":"closed","template":"","meta":{"footnotes":""},"class_list":["post-470","page","type-page","status-publish","hentry"],"jetpack_shortlink":"https:\/\/wp.me\/P4aZOx-7A","jetpack_sharing_enabled":true,"_links":{"self":[{"href":"https:\/\/sodrastation.org\/index.php?rest_route=\/wp\/v2\/pages\/470","targetHints":{"allow":["GET"]}}],"collection":[{"href":"https:\/\/sodrastation.org\/index.php?rest_route=\/wp\/v2\/pages"}],"about":[{"href":"https:\/\/sodrastation.org\/index.php?rest_route=\/wp\/v2\/types\/page"}],"author":[{"embeddable":true,"href":"https:\/\/sodrastation.org\/index.php?rest_route=\/wp\/v2\/users\/1"}],"replies":[{"embeddable":true,"href":"https:\/\/sodrastation.org\/index.php?rest_route=%2Fwp%2Fv2%2Fcomments&post=470"}],"version-history":[{"count":3,"href":"https:\/\/sodrastation.org\/index.php?rest_route=\/wp\/v2\/pages\/470\/revisions"}],"predecessor-version":[{"id":1163,"href":"https:\/\/sodrastation.org\/index.php?rest_route=\/wp\/v2\/pages\/470\/revisions\/1163"}],"wp:attachment":[{"href":"https:\/\/sodrastation.org\/index.php?rest_route=%2Fwp%2Fv2%2Fmedia&parent=470"}],"curies":[{"name":"wp","href":"https:\/\/api.w.org\/{rel}","templated":true}]}}