{"id":490,"date":"2018-05-19T22:55:20","date_gmt":"2018-05-19T22:55:20","guid":{"rendered":"http:\/\/sodrastation.org\/?page_id=490"},"modified":"2023-01-07T17:19:55","modified_gmt":"2023-01-07T17:19:55","slug":"kuddrummet","status":"publish","type":"page","link":"https:\/\/sodrastation.org\/?page_id=490","title":{"rendered":"Kuddrummet"},"content":{"rendered":"<p><span style=\"font-weight: 400;\">Yngre barn har f\u00f6retr\u00e4de i anslutning till matsalstiderna (17:30\u201319:00). Lekarna ska anpassas till de mindre barnen, inga v\u00e5ldsamma kuddkrig till exempel. Alla ska f\u00e5 vara med. Mat, godis, dryck och uteskor ska inte vara i kuddrummet. Det \u00e4r inte till\u00e5tet att l\u00e5sa fr\u00e5n insidan. Nyckeln ligger i matsalen, i f\u00f6rsta l\u00e5dan i serveringsm\u00f6beln.<\/span><\/p>\n<p><span style=\"font-weight: 400;\">De tv\u00e5 som \u00e4r ansvariga f\u00f6r st\u00e4dning av kuddrummet f\u00e5r ett matpass tillgodor\u00e4knat, mot att man d\u00e5 st\u00e4dar kuddrummet en g\u00e5ng varje m\u00e5nad. St\u00e4dning av kuddis inneb\u00e4r dammsugning och v\u00e5ttorkning av hela rummet, samt att man kollar s\u00e5 att inte kuddarna \u00e4r ofr\u00e4scha. Om ett kuddfodral har blivit smutsigt s\u00e5 tv\u00e4ttar man det s\u00e5 fort det g\u00e5r. Eftersom det inte generellt tar 2,5 timmar att st\u00e4da kuddis s\u00e5 g\u00e5r man sedan vidare och st\u00e4dar d\u00e4r det beh\u00f6vs, framf\u00f6rallt r\u00f6relserummet och TV-rum\/bibliotek.<\/span><\/p>\n<h1><span style=\"font-weight: 400;\">Regler i kuddis<\/span><\/h1>\n<ul>\n<li style=\"font-weight: 400;\" aria-level=\"1\"><span style=\"font-weight: 400;\">alla f\u00e5r vara med<\/span><\/li>\n<li style=\"font-weight: 400;\" aria-level=\"1\"><span style=\"font-weight: 400;\">inget godis och ingen mat eller dryck h\u00e4r inne<\/span><\/li>\n<li style=\"font-weight: 400;\" aria-level=\"1\"><span style=\"font-weight: 400;\">skor l\u00e4mnas utanf\u00f6r<\/span><\/li>\n<li style=\"font-weight: 400;\" aria-level=\"1\"><span style=\"font-weight: 400;\">n\u00e4r matsalen \u00e4r \u00f6ppen, kl 17.30\u201319.00 har sm\u00e5barnen f\u00f6retr\u00e4de och lekarna anpassas till dem<\/span><\/li>\n<\/ul>\n","protected":false},"excerpt":{"rendered":"<p>Yngre barn har f\u00f6retr\u00e4de i anslutning till matsalstiderna (17:30\u201319:00). Lekarna ska anpassas till de mindre barnen, inga v\u00e5ldsamma kuddkrig till exempel. Alla ska f\u00e5 vara med. Mat, godis, dryck och uteskor ska inte vara i kuddrummet. Det \u00e4r inte till\u00e5tet att l\u00e5sa fr\u00e5n insidan. Nyckeln ligger i matsalen, i f\u00f6rsta l\u00e5dan i serveringsm\u00f6beln. De tv\u00e5 &hellip; <\/p>\n<p class=\"link-more\"><a href=\"https:\/\/sodrastation.org\/?page_id=490\" class=\"more-link\">Forts\u00e4tt l\u00e4sa<span class=\"screen-reader-text\"> \u201dKuddrummet\u201d<\/span><\/a><\/p>\n","protected":false},"author":1,"featured_media":161,"parent":0,"menu_order":0,"comment_status":"closed","ping_status":"closed","template":"","meta":{"footnotes":""},"class_list":["post-490","page","type-page","status-publish","has-post-thumbnail","hentry"],"jetpack_shortlink":"https:\/\/wp.me\/P4aZOx-7U","jetpack_sharing_enabled":true,"_links":{"self":[{"href":"https:\/\/sodrastation.org\/index.php?rest_route=\/wp\/v2\/pages\/490","targetHints":{"allow":["GET"]}}],"collection":[{"href":"https:\/\/sodrastation.org\/index.php?rest_route=\/wp\/v2\/pages"}],"about":[{"href":"https:\/\/sodrastation.org\/index.php?rest_route=\/wp\/v2\/types\/page"}],"author":[{"embeddable":true,"href":"https:\/\/sodrastation.org\/index.php?rest_route=\/wp\/v2\/users\/1"}],"replies":[{"embeddable":true,"href":"https:\/\/sodrastation.org\/index.php?rest_route=%2Fwp%2Fv2%2Fcomments&post=490"}],"version-history":[{"count":4,"href":"https:\/\/sodrastation.org\/index.php?rest_route=\/wp\/v2\/pages\/490\/revisions"}],"predecessor-version":[{"id":1162,"href":"https:\/\/sodrastation.org\/index.php?rest_route=\/wp\/v2\/pages\/490\/revisions\/1162"}],"wp:featuredmedia":[{"embeddable":true,"href":"https:\/\/sodrastation.org\/index.php?rest_route=\/wp\/v2\/media\/161"}],"wp:attachment":[{"href":"https:\/\/sodrastation.org\/index.php?rest_route=%2Fwp%2Fv2%2Fmedia&parent=490"}],"curies":[{"name":"wp","href":"https:\/\/api.w.org\/{rel}","templated":true}]}}